hat is -c3 + -3c8?
-4bb
In base 12, what is 60121 + -4?
60119
In base 11, what is 0 + -19668?
-19668
In base 7, what is -1 - 2402550?
-2402551
In base 14, what is -9 - 125a?
-1265
In base 5, what is -2 + 312123?
312121
In base 15, what is 23 + 1d193?
1d1b6
In base 8, what is 1474 - 1246?
226
In base 11, what is a + -6919a?
-69190
In base 16, what is 297ee1 - 4?
297edd
In base 3, what is 0 + 1211000212010?
1211000212010
In base 12, what is -3 - -339b07?
339b04
In base 14, what is 6 - -bda7?
bdad
In base 14, what is bbb + 76?
c53
In base 6, what is 44344 + 3?
44351
In base 16, what is -c83a + -5?
-c83f
In base 6, what is -35213 - 1334?
-40551
In base 10, what is -5385 - -4?
-5381
In base 13, what is 117a6 - -5?
117ab
In base 10, what is 13 + 14197?
14210
In base 16, what is 5 - -4f8?
4fd
In base 10, what is 3 - -4191?
4194
In base 8, what is 14 - -306612?
306626
In base 14, what is -2 + 3d6b42?
3d6b40
In base 11, what is -3846 - 71?
-3907
In base 7, what is -16535164 - -4?
-16535160
In base 14, what is 2442b2 - -5?
2442b7
In base 13, what is -2480 - 2b8?
-2768
In base 10, what is 2055031 - -5?
2055036
In base 9, what is 348854 + -5?
348848
In base 4, what is 320 + -11003?
-10023
In base 13, what is 27b + 1679?
1927
In base 12, what is 2 + -1aab78?
-1aab76
In base 16, what is 7c01 - -2b?
7c2c
In base 6, what is -5 - 14243?
-14252
In base 12, what is -51 + 20b8?
2067
In base 12, what is -2 + -19b319?
-19b31b
In base 9, what is 6 + 833852?
833858
In base 3, what is -100020220200 + 21?
-100020220102
In base 13, what is 1060 + 16?
1076
In base 5, what is -10022 - 232?
-10304
In base 3, what is 1010 - -120010002?
120011012
In base 11, what is 0 - 113a4?
-113a4
In base 15, what is -2 + -265?
-267
In base 14, what is -7a3c - -bc?
-7960
In base 3, what is 0 + -1222021011?
-1222021011
In base 10, what is 1309 + -971?
338
In base 12, what is 348b + 14?
34a3
In base 14, what is -53 + -b1?
-124
In base 14, what is -36c - 97?
-425
In base 16, what is aa74 + 1f?
aa93
In base 10, what is -245890 + -1?
-245891
In base 5, what is 3211 + 13104?
21320
In base 10, what is 38877 + -3?
38874
In base 7, what is -1661352 + 0?
-1661352
In base 5, what is -2 - -101224?
101222
In base 16, what is -fc7 - b?
-fd2
In base 13, what is -883 + 133?
-750
In base 6, what is 5 + 321320?
321325
In base 6, what is -24354155 - 4?
-24354203
In base 14, what is -22 + -4c?
-70
In base 10, what is 0 + -1375?
-1375
In base 15, what is 31b3c + 3?
31b40
In base 11, what is -5 + -55782?
-55787
In base 12, what is -1 - 9778?
-9779
In base 6, what is 1203 - 2101?
-454
In base 16, what is 5 - -1ebbe?
1ebc3
In base 15, what is 7 + -4e44?
-4e3c
In base 2, what is -10010100011011 - -11001011?
-10010001010000
In base 8, what is -1642 - 176?
-2040
In base 9, what is 126404 - 1?
126403
In base 12, what is 487891 + -4?
487889
In base 8, what is 4662 - -33?
4715
In base 9, what is 8638 - -120?
8758
In base 10, what is -9 + 987?
978
In base 12, what is 1390 + 84?
1454
In base 6, what is -421103 - 10?
-421113
In base 4, what is -300312 + -1000?
-301312
In base 7, what is -4026 - -56?
-3640
In base 13, what is b9 + -3b?
7b
In base 7, what is 106 + 22?
131
In base 5, what is 10102041 - -202?
10102243
In base 10, what is 283464 - -4?
283468
In base 16, what is 1a4 + 81?
225
In base 12, what is 6691a - 0?
6691a
In base 5, what is 4 - -1121012?
1121021
In base 3, what is -20212112 - -120?
-20211222
In base 9, what is 82603 - -1?
82604
In base 5, what is -2 - -41423233?
41423231
In base 13, what is -1 + 16654?
16653
In base 3, what is 111110 - -200?
112010
In base 5, what is 133243 + -244?
132444
In base 5, what is -32113 - 104?
-32222
In base 10, what is 76 - 1267?
-1191
In base 15, what is -2113 - -3a?
-20c8
In base 4, what is -2 + -3011020233?
-3011020301
In base 13, what is 300 - 914?
-614
In base 6, what is -215 - 11001?
-11220
In base 6, what is -102 - -43203?
43101
In base 11, what is -35 + 429?
3a4
In base 10, what is -586320 + -1?
-586321
In base 11, what is -494 - -381?
-113
In base 5, what is 123042022 - -1?
123042023
In base 9, what is -1422 + -10543?
-12065
In base 6, what is -3235 - 25?
-3304
In base 5, what is -400243 - 2?
-400300
In base 15, what is b2 + a21?
ad3
In base 16, what is -4 - 2f3c?
-2f40
In base 4, what is -30 + 133123?
133033
In base 5, what is 1 - -224423141?
224423142
In base 2, what is 11000 + 111110111101010?
111111000000010
In base 16, what is 5c - -741?
79d
In base 2, what is -11101 - -110000010110111?
110000010011010
In base 16, what is be - -f8?
1b6
In base 11, what is 5 - 1573?
-1569
In base 15, what is -6 - -cceae?
ccea8
In base 16, what is b38 - -432?
f6a
In base 12, what is -71579 - -2?
-71577
In base 6, what is -324 - -5325?
5001
In base 3, what is 121 + -21100022?
-21022201
In base 10, what is -87 + 118?
31
In base 8, what is 262316 - -5?
262323
In base 13, what is 3b + -9b?
-60
In base 5, what is 200414111 - 0?
200414111
In base 5, what is 1 - -130411?
130412
In base 8, what is -64706 + -40?
-64746
In base 5, what is -1423312 - -122?
-1423140
In base 9, what is 3 - 30425?
-30422
In base 9, what is 13 + -1683?
-1670
In base 8, what is -366 - 216?
-604
In base 2, what is -1 - 101101001010100100?
-101101001010100101
In base 3, what is 2211011212 - 1022?
2211010120
In base 4, what is 22132320 - -1?
22132321
In base 5, what is -1 + 2133002?
2133001
In base 2, what is 0 + 100101111100111001?
100101111100111001
In base 12, what is 35 - 140?
-107
In base 2, what is -111110011110101001010 - -11?
-111110011110101000111
In base 3, what is 100100021211 - -10?
100100021221
In base 7, what is 20 + 243466?
243516
In base 3, what is 2212021021 - -221?
2212022012
In base 2, what is -111101110100110 - 101?
-111101110101011
In base 6, what is 135233 - -10?
135243
In base 8, what is -271307 - 25?
-271334
In base 14, what is 1a + 58?
74
In base 14, what is -138 - -218?
c0
In base 9, what is -6306 + -52?
-6358
In base 14, what is -a + 2547b?
25471
In base 7, what is 5361 + -1360?
4001
In base 12, what is 6 + 304099?
3040a3
In base 11, what is 1222 - 188?
1045
In base 3, what is -201 + 1101010001?
1101002100
In base 16, what is -3 + 3b43?
3b40
In base 10, what is 5 + -3497?
-3492
In base 9, what is 5 + 3101?
3106
In base 7, what is 4 + -10311?
-10304
In base 8, what is 46120 - 10?
46110
In base 13, what is -5a33 - -7?
-5a29
In base 2, what is -1100010101110 + -10010?
-1100011000000
In base 16, what is -254 - 6?
-25a
In base 12, what is -198 + -61?
-239
In base 10, what is -7 + 23994?
23987
In base 7, what is -26 - 31363?
-31422
In base 13, what is 4b5a5 - -5?
4b5aa
In base 14, what is -1b - -1c88?
1c6b
In base 7, what is 31 - -1313?
1344
In base 11, what is -4 + 1882?
1879
In base 3, what is 101210 - -21102?
200012
In base 10, what is -171 + -18?
-189
In base 2, what is -100 + 1101110111000010?
1101110110111110
In base 5, what is -13 - 11020?
-11033
In base 13, what is 5 - a38c?
-a387
In base 11, what is -64 - 29773?
-29827
In base 9, what is 27132 - 7?
27124
In base 5, what is 102 - 234022?
-233420
In base 9, what is 2 + -27212?
-27210
In base 8, what is 26631 - 2?
26627
In base 16, what is 9 + -1c3?
-1ba
In base 11, what is 8 - 11422?
-11415
In base 8, what is -13217167 - -5?
-13217162
In base 5, what is -1030 - -4241?
3211
In base 6, what is -14132 - 2233?
-20405
In base 13, what is -1c1 + -146?
-337
In base 14, what is 14 - bb9c?
-bb88
In base 11, what is -646 + 42?
-604
In base 7, what is 5 - -26203?
26211
In base 6, what is -10 - 115445?
-115455
In base 6, what is 2 + 120340?
120342
In base 6, what is -1 + 54332?
54331
In base 3, what is 121011 + -1010?
120001
In base 6, what is 0 - -5455303?
5455303
In base 7, what is 3251 - -142?
3423
In base 2, what is 1111110110100011001 - 10?
1111110110100010111
In base 4, what is 1112133 - 11?
1112122
In base 7, what is -1 - -215430?
215426
In base 15, what is 3452 + -1?
3451
In base 15, what is -31c + 24?
-2e8
In base 16, what is -e1d - b2?
-ecf
In base 3, what is 2 + 202200202?
202200211
In base 2, what is -1000101100 + -10000000000010?
-10001000101110
In base 3, what is -11 - 1200101121?
-1200101202
In base 4, what is 33211 - 2013?
31132
In base 10, what is 325 + -115?
210
In base 2, what is -111110101101 + 1110010?
-111100111011
In base